 a factor of 3082967?
False
Is 2033 a factor of 450333896?
True
Does 16 divide 32099488?
True
Is 150486354 a multiple of 990?
False
Does 203 divide 138348712?
False
Is 3923532 a multiple of 27?
True
Does 42 divide 272516691?
False
Is 94 a factor of 7814032?
True
Is 55636880 a multiple of 877?
True
Does 10 divide 29037790?
True
Is 3376655356 a multiple of 239?
False
Is 43631434 a multiple of 622?
True
Does 70 divide 17293150?
True
Is 237665103 a multiple of 13?
True
Does 2266 divide 19319916?
True
Is 5 a factor of 8797728?
False
Is 618 a factor of 204964644?
True
Is 282346777 a multiple of 10?
False
Does 255 divide 3489675?
True
Is 13 a factor of 133530297?
False
Is 2215143930 a multiple of 79?
False
Is 282726636 a multiple of 90?
False
Does 45 divide 80962382?
False
Does 55 divide 2563053?
False
Does 79 divide 816064337?
False
Does 39 divide 43646299?
False
Does 45 divide 2255614650?
True
Does 18 divide 154938033?
False
Is 491157066 a multiple of 117?
False
Is 1901450772 a multiple of 2262?
True
Does 105 divide 12704538?
False
Is 719697255 a multiple of 15?
True
Is 74 a factor of 243907108?
True
Does 28 divide 904584?
False
Is 8448441 a multiple of 2?
False
Is 385428950 a multiple of 108?
False
Is 1449 a factor of 1581547469?
False
Does 250 divide 21395706?
False
Is 78 a factor of 955003296?
True
Does 421 divide 91307880?
False
Does 39 divide 1139105487?
True
Is 142 a factor of 148551?
False
Is 1606 a factor of 155727318?
False
Is 91881027 a multiple of 12?
False
Does 89 divide 73314729?
True
Is 1398 a factor of 168050784?
True
Is 3 a factor of 19324160?
False
Does 17 divide 7756793?
False
Is 125715234 a multiple of 2382?
False
Is 800238 a multiple of 36?
False
Does 14 divide 2860761162?
True
Does 340 divide 399819600?
True
Is 2047851288 a multiple of 756?
True
Does 11 divide 840315621?
False
Is 255 a factor of 401034165?
True
Does 551 divide 14555767?
True
Does 166 divide 15844368?
True
Is 483 a factor of 70206465?
True
Does 21 divide 18588135?
False
Is 113729130 a multiple of 9?
True
Does 11 divide 1075618143?
False
Does 4 divide 224061229?
False
Is 415 a factor of 147489340?
True
Is 13751856 a multiple of 432?
True
Is 100526916 a multiple of 51?
True
Is 193 a factor of 811990248?
False
Is 361373913 a multiple of 69?
False
Is 106 a factor of 258115450?
False
Is 330 a factor of 3774210?
True
Is 1076 a factor of 1618957342?
False
Does 1752 divide 63583025?
False
Does 7630 divide 39340260?
False
Is 128559831 a multiple of 629?
False
Does 80 divide 165239022?
False
Does 31 divide 5812841?
True
Is 4891870 a multiple of 115?
True
Is 537 a factor of 276498602?
False
Is 30 a factor of 1442994600?
True
Does 1353 divide 47142859?
False
Is 655 a factor of 81056052?
False
Does 7 divide 1833371190?
True
Is 188494326 a multiple of 57?
True
Does 10 divide 11635619?
False
Does 386 divide 6901391751?
False
Is 2714 a factor of 527516096?
False
Does 1010 divide 415169590?
True
Is 18 a factor of 408979044?
True
Is 6274559 a multiple of 121?
False
Is 13 a factor of 152694711?
True
Is 50 a factor of 40350450?
True
Is 104 a factor of 11797656?
True
Does 270 divide 9616050?
True
Is 3376789 a multiple of 26?
False
Does 31 divide 152262958?
False
Is 582610309 a multiple of 143?
False
Is 857002511 a multiple of 617?
True
Is 120732858 a multiple of 3?
True
Is 224 a factor of 140817705?
False
Does 30 divide 835797?
False
Is 82 a factor of 2923935?
False
Is 25 a factor of 216227100?
True
Is 369 a factor of 96338520?
True
Is 20 a factor of 151009453?
False
Does 4438 divide 178247832?
True
Is 66593034 a multiple of 39?
False
Is 1714 a factor of 575364090?
True
Does 3 divide 1135795?
False
Does 127 divide 71059040?
True
Does 45 divide 388230560?
False
Is 67200370 a multiple of 59?
False
Is 2 a factor of 64886?
True
Is 615121644 a multiple of 86?
False
Is 64053675 a multiple of 197?
False
Does 15 divide 1481313409?
False
Does 25 divide 10684400?
True
Is 12 a factor of 7394028?
True
Does 1837 divide 4359680726?
False
Is 35451462 a multiple of 944?
False
Does 213 divide 105938665?
False
Does 494 divide 280985825?
False
Is 22115520 a multiple of 21?
True
Does 3641 divide 1904049844?
False
Does 43 divide 286858504?
True
Does 94 divide 83961302?
False
Does 226 divide 189180532?
True
Does 853 divide 176506172?
True
Is 1620287575 a multiple of 27?
False
Is 26979522 a multiple of 3?
True
Does 4683 divide 251111826?
True
Is 2471943144 a multiple of 103?
True
Is 5817127498 a multiple of 26?
True
Is 9 a factor of 43660971?
True
Is 420455256 a multiple of 17?
False
Does 1494 divide 12848516?
False
Is 43 a factor of 9971130?
False
Is 15 a factor of 883976?
False
Does 814 divide 49166414?
True
Does 5 divide 2368118800?
True
Does 149 divide 896684580?
False
Is 58896631 a multiple of 441?
False
Is 254339214 a multiple of 1182?
True
Does 224 divide 4377138304?
True
Is 39923858 a multiple of 26?
True
Is 205 a factor of 31059140?
True
Is 3273 a factor of 187110864?
True
Is 216844150 a multiple of 19?
True
Is 19 a factor of 560319160?
False
Is 15762908 a multiple of 3?
False
Does 202 divide 2117686?
False
Is 238 a factor of 165784374?
True
Does 261 divide 184003173?
True
Does 9 divide 178146667?
False
Is 45625034 a multiple of 1687?
False
Is 4 a factor of 53599672?
True
Is 773 a factor of 47051990?
False
Is 285 a factor of 1484568117?
False
Is 192970593 a multiple of 14?
False
Is 1504920536 a multiple of 296?
True
Does 9 divide 117009411?
False
Does 953 divide 1336822656?
True
Is 8114880306 a multiple of 39?
True
Is 108383443 a multiple of 973?
True
Does 18 divide 1859314939?
False
Does 15 divide 291796183?
False
Does 59 divide 2095267?
True
Does 758 divide 190294846?
False
Does 59 divide 233497532?
False
Is 36 a factor of 131612357?
False
Is 73527599 a multiple of 4?
False
Is 229 a factor of 413052917?
False
Does 770 divide 40704510?
True
Does 56 divide 337803704?
True
Is 64199618 a multiple of 4039?
False
Is 230 a factor of 46073122?
False
Is 56 a factor of 2237197032?
True
Is 34255692 a multiple of 387?
True
Does 5 divide 22898804?
False
Does 4 divide 656852?
True
Does 603 divide 23842437?
False
Is 26354128 a multiple of 90?
False
Does 181 divide 24534442?
False
Is 267 a factor of 336790382?
False
Does 2448 divide 212290560?
True
Is 9082281 a multiple of 235?
False
Is 84434724 a multiple of 106?
True
Does 451 divide 240151561?
False
Is 981197234 a multiple of 146?
True
Is 216 a factor of 142405000?
False
Is 3929 a factor of 422025677?
True
Is 293199411 even?
False
Does 13 divide 2770341550?
False
Is 26 a factor of 32819695?
False
Is 1061 a factor of 439764341?
True
Is 22 a factor of 4542743?
False
Is 1079 a factor of 481114832?
False
Does 745 divide 827680845?
True
Is 393 a factor of 126488633?
False
Does 24 divide 46829784?
True
Is 23248740 a multiple of 7188?
False
Is 20 a factor of 436468860?
True
Is 3914704810 a multiple of 221?
False
Does 44 divide 1152728334?
False
Is 206226603 a multiple of 99?
True
Is 53048745 a multiple of 311?
False
Does 9 divide 648816732?
True
Does 19 divide 21583069?
True
Does 123 divide 19332861?
False
Is 1870 a factor of 144188225?
False
Is 12 a factor of 761387148?
True
Is 4852781 a multiple of 2?
False
Is 433817376 a multiple of 2512?
True
Is 2934950 a multiple of 1287?
False
Is 87534626 a multiple of 343?
False
Does 2 divide 44291482?
True
Does 20 divide 1652980?
True
Does 2270 divide 95980876?
False
Is 10819 a factor of 286573672?
True
Is 50761855 a multiple of 26?
False
Is 51 a factor of 3129734?
False
Does 6 divide 133946846?
False
Is 1179463 a multiple of 4?
False
Is 50 a factor of 349978447?
False
Is 312 a factor of 3700607?
False
Is 470 a factor of 26143265?
False
Is 26829894 a multiple of 21?
True
Is 679 a factor of 17831219?
True
Is 11 a factor of 7223931?
True
Is 53690553 a multiple of 427?
True
Does 104 divide 54148952?
True
Does 13 divide 33943059?
False
Is 127037066 a multiple of 20?
False
Is 8 a factor of 5274832?
True
Is 3802 a factor of 65755590?
True
Is 6771496 a multiple of 1062?
False
Does 86 divide 358493150?
True
Does 365 divide 29760222?
False
Is 25220567 a multiple of 11?
False
Is 1418480977 a multiple of 23?
False
Does 5 divide 118495790?
True
Does 1534 divide 120560975?
False
Is 504 a factor of 25019568?
True
Is 66503022 a multi